the highest common factor of 3 and m?
1
Let y(n) = -2*n - 5. Let g be y(-5). Suppose -121 - 19 = -g*h. Suppose -u + 47 = 3*a + 4*u, -2*a + 31 = 3*u. Calculate the greatest common divisor of h and a.
14
Suppose 3*t - 3*s + 48 = 0, 2*t - 2*s - 52 = 7*t. Let h be (-2 - -3 - 15)*t. What is the highest common factor of h and 21?
21
Let n be (-11)/(-3) - (-10)/(-15). Let y be (-14)/(1*n/(-6)). Calculate the highest common divisor of 7 and y.
7
Suppose -4*d = -0*d + t + 17, -4*t = -2*d + 14. Let j = d - -10. Calculate the greatest common divisor of 49 and j.
7
Suppose 0 = 4*b - 106 - 30. Suppose 4*s = -2*l + 338, -175 = -2*s + 4*l + l. What is the highest common divisor of s and b?
17
Let i(x) = 10*x + 85. Let k be i(-8). Let o(t) = t**3 - t**2 + t + 1. Let s be o(0). Calculate the greatest common divisor of s and k.
1
Let r(f) = 3*f - 8. Let s be r(15). Calculate the greatest common divisor of 74 and s.
37
Let o(f) = -f + 2*f + 9*f - 2. Let v be o(2). What is the greatest common factor of 45 and v?
9
Let p(j) = j**2 - 2*j + 1. Let d = 7 - 7. Let o(b) = b - 2. Let a be o(d). Let v be p(a). Calculate the highest common factor of 72 and v.
9
Let o(p) = -p**3 - 5*p**2 + 5*p - 2. Let j be o(-6). Suppose 21 = x - 15. What is the highest common factor of x and j?
4
Suppose 2*w + w - 45 = 0. Suppose -k + 2 = -0. Let x be 1/(2 - 1) + k. Calculate the highest common divisor of w and x.
3
Suppose 5*f = 4*f - 3*p + 23, 3*f - 3*p - 9 = 0. Calculate the greatest common divisor of f and 20.
4
Suppose t - 3*t + 208 = 0. Let x(j) = j + 2. Let z be x(-4). Let w(u) = -8*u - 3. Let s be w(z). What is the highest common factor of s and t?
13
Let k(p) = -4 - 5*p + 10 + p. Let t be k(-5). Let y(a) = -a**3 - 4*a**2 + 7*a + 9. Let o be y(-6). What is the greatest common factor of t and o?
13
Let f be 20/6 - 4/(-6). Suppose 70 = 2*j + 4*v, -7 = -j + f*v + 28. Calculate the greatest common factor of j and 7.
7
Let q be 1 + 1*(-2 + 3). Let f = 6 - q. Calculate the greatest common divisor of 4 and f.
4
Let v = 31 + -20. Suppose 2*t - 8 = -0*t, 3*t = -2*s + 20. Suppose -38 = -s*y + 358. Calculate the highest common divisor of y and v.
11
Let b(h) = 2*h**2 + 3*h - 5. Let l(u) = u - 4. Let v be l(5). Let j = -3 - v. Let f be b(j). Calculate the highest common factor of 30 and f.
15
Let p be 0/(-1) - (-53 - 1). Let v be 0 - (1 - 2)*p. Let u be 3/1 - (8 + -11). Calculate the highest common factor of v and u.
6
Let o(y) = y**3 + 8*y**2 - y - 5. Let c be o(-8). Let b be (c*(-6)/9)/2. Let h be (b/3)/(1/(-27)). Calculate the highest common factor of h and 9.
9
Let r(l) = -l**3 + 14*l**2 + 17*l + 26. Let v be r(15). Calculate the highest common divisor of 7 and v.
7
Suppose 5*v - 116 - 214 = 0. Suppose -3*m + v = 9. Let q be 2/(-8) - (-2511)/12. What is the greatest common divisor of q and m?
19
Let n be 0/(4/(0 + -2)). Suppose n*o + 143 = o. Let l be (-2)/((-8)/26)*2. Calculate the highest common divisor of l and o.
13
Let h = 1 - -1. Suppose -2*z - 2 - 11 = -r, -2*r = 2*z - h. Suppose 109 = r*n - 11. What is the greatest common divisor of 8 and n?
8
Suppose -r = -4*y + 21, -2*r = -4*r + 5*y - 30. Let c be (8/r)/(2/(-55)). Calculate the highest common divisor of 11 and c.
11
Suppose 3*w = 7 + 8. Let o = 7 + -2. Suppose 4*i + 0*t + 11 = o*t, 2*t = 4*i + 2. Calculate the greatest common factor of i and w.
1
Let f = -32 + 68. Calculate the greatest common divisor of f and 180.
36
Let m = 5 - 3. Let d be 10 - 2/(2/m). Suppose 2*z - 12 = d. Calculate the highest common divisor of 20 and z.
10
Let r be 68*(-2 - 18/(-4)). Suppose -3*t - 2*t = -r. Suppose -w - t = -3*a, -2*a + 4*w + 16 = 5*w. Calculate the greatest common divisor of a and 5.
5
Let n = 8 - 5. Let o be -18*(n/(-2) - 0). Let l(b) = 4*b - 98. Let s be l(29). Calculate the greatest common factor of o and s.
9
Suppose 18 = 2*b + 6. Calculate the greatest common factor of 6 and b.
6
Let j(k) = -4*k + 2*k + 4*k. Let n be j(2). Suppose -n*z + 27 = -29. What is the highest common divisor of 112 and z?
14
Let t(y) = -y**3 + 7*y**2 - y + 3. Let w be t(6). Calculate the highest common divisor of 22 and w.
11
Let y(m) = m**3 - 5*m**2 - 7*m + 5. Let t be y(6). Let i = t + -2. Let p be (-32)/i*(-99)/(-6). What is the highest common factor of p and 16?
16
Suppose 4*r - 405 = -3*k, -k + 339 = 5*r - 159. Let z(b) = -b**3 + 3*b**2. Let p be z(2). Suppose 55 = p*n + n. Calculate the greatest common factor of n and r.
11
Let c(l) = l**2 - 7*l - 5. Let u be c(6). Let y(v) = -2*v - 5. Let w be y(u). Calculate the greatest common factor of w and 17.
17
Suppose -48 = -10*d + 6*d. What is the highest common factor of 108 and d?
12
Let p(a) = -a**3 - 18*a**2 - 15*a + 43. Let u be p(-17). What is the greatest common divisor of u and 63?
9
Let p(w) = -3 + 14*w**2 + 3*w - w**3 - 7*w**2 - 1 + 2*w**3. Let y be p(-6). Suppose -157 = -2*u - 45. What is the greatest common divisor of u and y?
14
Suppose -3*q + 0 = f - 256, 5*f + 420 = 5*q. What is the greatest common factor of q and 17?
17
Suppose -p - 4*p + 15 = 0. Suppose -p*g - 4*a = -5, -2 = 2*a - 0. Calculate the greatest common factor of 33 and g.
3
Let y(a) = 3*a + 5. Let k be y(-8). Let u(h) = 2*h**2 + 6*h + 7. Let m be u(-6). Let w = m + k. Calculate the greatest common divisor of w and 6.
6
Let x be (-1)/2 + 0 - (-273)/26. What is the highest common factor of x and 10?
10
Let h = -54 + 86. What is the highest common factor of h and 128?
32
Let o = 53 - 29. Let b be 1*o/15*20. Calculate the greatest common divisor of 4 and b.
4
Suppose -34*o = -28 - 6. Let x = 10 - 7. Calculate the greatest common divisor of x and o.
1
Let t be (-12)/(-10)*(-10)/(-4). Let x be 2/(-6) + 2/6. Suppose -s - t = x, -5*y + 54 - 2 = s. What is the greatest common divisor of 1 and y?
1
Let y be (-32)/(-4) + 4 + -4 + 4. What is the highest common divisor of 36 and y?
12
Let g be (-44)/3*(-51)/34. Suppose 2*y - 86 + 10 = 0. Suppose -4*z + 6 + y = 0. Calculate the highest common divisor of z and g.
11
Let k be (-2)/4 + (-34)/4. Let c be 84/k*(-3)/2. Suppose 4*r = 2*r + 252. Calculate the highest common divisor of c and r.
14
Let u be (2 + -3)/(2/(-30)). What is the highest common divisor of u and 120?
15
Let k be 2/9 - (416/(-18))/4. What is the greatest common factor of 78 and k?
6
Let r(t) = 2*t**2 - 9*t + 1. Let l be r(6). Calculate the greatest common factor of 19 and l.
19
Let g(w) = 7*w**3 - 2*w**2 + w. Let b be g(-2). Let t be b/(-4)*(-56)/(-21). What is the highest common divisor of 110 and t?
22
Suppose -3*t = -4*t + 5. Suppose -553 = -t*b + 207. Let u be ((-42)/12)/(-7)*38. Calculate the highest common divisor of b and u.
19
Let h be (6/(-4))/(8/((-2112)/18)). What is the greatest common divisor of h and 154?
22
Let y(c) = 8*c**2 - 3*c + 2. Let o = -18 + 12. Let b be y(o). Suppose 0 = -4*q + 4*m + 296, -4*q + 0*q = -m - b. What is the highest common factor of 13 and q?
13
Suppose -2*l + 55 = 3*n - 9, 4*n = -3*l + 85. Calculate the greatest common factor of n and 154.
22
Let k be (0/1)/(2/1). Suppose y + 8 = 6*y - s, k = 3*s - 6. Let v = 3 + y. Calculate the greatest common factor of v and 10.
5
Let b be ((4/(-3))/(-2))/(6/27). What is the greatest common divisor of 1 and b?
1
Let v(z) = 2*z**2 - 11*z + 1. Let o be v(6). What is the highest common divisor of 21 and o?
7
Suppose -u - 5 + 29 = 0. Calculate the highest common divisor of 2 and u.
2
Let x(i) = -i**3 - 4*i**2 + 3*i + 6. Let s be x(-5). Suppose -j + 2*j = 2. Let v be -16*-2*j/8. Calculate the greatest common divisor of s and v.
8
Let q be -2 + -1 - (6 - 27). What is the greatest common factor of 72 and q?
18
Let x be (7/(-7))/((-2)/22). Calculate the highest common factor of x and 44.
11
Let k(w) = -w**2 + w + 2. Let r be k(0). Suppose 3*q = -q + r*o + 30, -5*q - 5*o = 0. Calculate the highest common divisor of q and 2.
1
Let k = 42 + -36. Calculate the greatest common divisor of k and 42.
6
Suppose 59*u = 56*u + 36. Calculate the greatest common factor of 18 and u.
6
Let p = 20 - -3. Let w be (-2 - (-1 + p)) + -1. Let k = 15 - w. What is the greatest common divisor of k and 10?
10
Suppose 5*o - 32 = -7. Let w = 12 - o. Calculate the highest common divisor of w and 49.
7
Let r = 16 + -11. Let x = -3 - r. Let f = 14 + x. Calculate the highest common divisor o